{"id":18,"date":"2022-01-24T21:34:37","date_gmt":"2022-01-24T21:34:37","guid":{"rendered":"https:\/\/nbas.uwork.com.ua\/?page_id=18"},"modified":"2022-02-07T06:58:46","modified_gmt":"2022-02-07T06:58:46","slug":"pamatky","status":"publish","type":"page","link":"https:\/\/nbas.uwork.com.ua\/?page_id=18","title":{"rendered":"Pam\u00e1tky"},"content":{"rendered":"<p>S\u00a0\u00factou k\u00a0pr\u00e1ci koleg\u016f z\u00a0minul\u00fdch stolet\u00ed, pe\u010dliv\u011b a pouze\u00a0nezbytn\u011b nutn\u00fdm z\u00e1sahem o\u017eivujeme jejich d\u00edla, aby mohli co nejd\u00e9le slou\u017eit se zachov\u00e1n\u00edm p\u016fvodn\u00edho r\u00e1zu i dal\u0161\u00edm generac\u00edm.<\/p>\n<p>Speci\u00e1ln\u00ed divize spole\u010dnosti NEO BUILDER a.s. se dlouhodob\u011b zab\u00fdv\u00e1 rekonstrukc\u00ed objekt\u016f, kter\u00e9 se nach\u00e1zej\u00ed v pam\u00e1tkov\u011b chr\u00e1n\u011bn\u00fdch \u00fazem\u00edch. Opravy historick\u00fdch budov, <strong>kompletn\u00ed obnova, um\u011bleck\u00e9 \u00fapravy i p\u0159izp\u016fsoben\u00ed modern\u00edmu vyu\u017eit\u00ed kulturn\u00edch a architektonick\u00fdch pam\u00e1tek<\/strong>. T\u00fdm kmenov\u00fdch zam\u011bstnanc\u016f s\u00a0bohat\u00fdmi praktick\u00fdmi zku\u0161enostmi prov\u00e1d\u00ed citliv\u00e9 a p\u0159esn\u00e9 rekonstrukce p\u0159i obnoven\u00ed pam\u00e1tek. V \u00fazk\u00e9 spolupr\u00e1ci s\u00a0p\u0159edn\u00edmi v\u00fdrobci materi\u00e1l\u016f, architekty z\u00a0oblast\u00ed pam\u00e1tek a pod p\u0159\u00edsn\u00fdm dohledem N\u00e1rodn\u00edho pam\u00e1tkov\u00e9ho \u00fastavu jsme obnovili des\u00edtky nemovit\u00fdch objekt\u016f.<\/p>\n<p>Spole\u010dnost dlouhodob\u011b zam\u011bstn\u00e1v\u00e1 <strong>cel\u00fd t\u00fdm odborn\u00edk\u016f, kter\u00fd se zam\u011b\u0159uje na rekonstrukce pam\u00e1tek<\/strong>. Od rozhodnut\u00ed o postupu prac\u00ed, p\u0159es vy\u0159\u00edzen\u00ed byrokracie a v\u00fdb\u011br materi\u00e1l\u016f, a\u017e po samotnou precizn\u00ed realizaci. B\u011bhem posledn\u00edch let firma realizovala des\u00edtky rekonstrukc\u00ed pam\u00e1tek a cel\u00fd t\u00fdm tak m\u00e1 mnohalet\u00e9 neoceniteln\u00e9 zku\u0161enosti.<\/p>\n","protected":false},"excerpt":{"rendered":"<p>S\u00a0\u00factou k\u00a0pr\u00e1ci koleg\u016f z\u00a0minul\u00fdch stolet\u00ed, pe\u010dliv\u011b a pouze\u00a0nezbytn\u011b nutn\u00fdm z\u00e1sahem o\u017eivujeme jejich d\u00edla, aby mohli co nejd\u00e9le slou\u017eit se zachov\u00e1n\u00edm p\u016fvodn\u00edho r\u00e1zu i dal\u0161\u00edm generac\u00edm. Speci\u00e1ln\u00ed divize spole\u010dnosti NEO BUILDER a.s. se dlouhodob\u011b zab\u00fdv\u00e1 rekonstrukc\u00ed objekt\u016f, kter\u00e9 se nach\u00e1zej\u00ed v pam\u00e1tkov\u011b chr\u00e1n\u011bn\u00fdch \u00fazem\u00edch. Opravy historick\u00fdch budov, kompletn\u00ed obnova, um\u011bleck\u00e9 \u00fapravy i p\u0159izp\u016fsoben\u00ed modern\u00edmu vyu\u017eit\u00ed kulturn\u00edch [&hellip;]<\/p>\n","protected":false},"author":1,"featured_media":0,"parent":0,"menu_order":0,"comment_status":"closed","ping_status":"closed","template":"templates\/pamatky.php","meta":{"inline_featured_image":false,"footnotes":""},"class_list":["post-18","page","type-page","status-publish","hentry"],"_links":{"self":[{"href":"https:\/\/nbas.uwork.com.ua\/index.php?rest_route=\/wp\/v2\/pages\/18","targetHints":{"allow":["GET"]}}],"collection":[{"href":"https:\/\/nbas.uwork.com.ua\/index.php?rest_route=\/wp\/v2\/pages"}],"about":[{"href":"https:\/\/nbas.uwork.com.ua\/index.php?rest_route=\/wp\/v2\/types\/page"}],"author":[{"embeddable":true,"href":"https:\/\/nbas.uwork.com.ua\/index.php?rest_route=\/wp\/v2\/users\/1"}],"replies":[{"embeddable":true,"href":"https:\/\/nbas.uwork.com.ua\/index.php?rest_route=%2Fwp%2Fv2%2Fcomments&post=18"}],"version-history":[{"count":3,"href":"https:\/\/nbas.uwork.com.ua\/index.php?rest_route=\/wp\/v2\/pages\/18\/revisions"}],"predecessor-version":[{"id":225,"href":"https:\/\/nbas.uwork.com.ua\/index.php?rest_route=\/wp\/v2\/pages\/18\/revisions\/225"}],"wp:attachment":[{"href":"https:\/\/nbas.uwork.com.ua\/index.php?rest_route=%2Fwp%2Fv2%2Fmedia&parent=18"}],"curies":[{"name":"wp","href":"https:\/\/api.w.org\/{rel}","templated":true}]}}